what is 101 + -11001010000001000?
-11001010000000011
In base 6, what is -5520300 + 10?
-5520250
In base 13, what is -5 + 466aa?
466a5
In base 12, what is 23664 - 12?
23652
In base 10, what is 139556 + -9?
139547
In base 5, what is -1 + 10144004?
10144003
In base 12, what is -13 + -9a4a?
-9a61
In base 12, what is -a + 426?
418
In base 9, what is -2 + 42?
40
In base 9, what is -100 + 216?
116
In base 14, what is -3d4c + 4?
-3d48
In base 5, what is 4 - -244332?
244341
In base 4, what is -212122 - 303?
-213031
In base 2, what is -10010011 + -1000011110101?
-1000110001000
In base 5, what is 1003 + 2020?
3023
In base 2, what is 1111101111011001011 - -11?
1111101111011001110
In base 11, what is -5 - -6612?
6608
In base 8, what is 25 - 7304?
-7257
In base 16, what is 3 + b8c?
b8f
In base 14, what is a515 - -3?
a518
In base 8, what is 14033 + 130?
14163
In base 6, what is -125 - 345333?
-345502
In base 16, what is d3e - -17?
d55
In base 15, what is -5 + 136ad?
136a8
In base 3, what is -1121221220 + -12?
-1121222002
In base 3, what is -2021222122 + -11?
-2021222210
In base 14, what is -29 + -116d1?
-1171a
In base 16, what is 5 - 1b1df?
-1b1da
In base 7, what is 22424 + 115?
22542
In base 5, what is 1043 + -143?
400
In base 15, what is -2 + -4c9e?
-4ca1
In base 2, what is -1101100101101000000 - -101?
-1101100101100111011
In base 12, what is 272 + 119?
38b
In base 8, what is -4 + -172776?
-173002
In base 13, what is 115a7a - 0?
115a7a
In base 14, what is -ad9 - -1ca?
-90d
In base 2, what is -1001 + 10111101011?
10111100010
In base 15, what is 4 + 4c277?
4c27b
In base 11, what is -5 - -93908?
93903
In base 2, what is 1101 + -10000110001000100?
-10000110000110111
In base 4, what is 2031 - -10210322?
10213013
In base 7, what is -5314562 - -4?
-5314555
In base 7, what is -3 - 2424001?
-2424004
In base 2, what is 101 + -1010110000001101111?
-1010110000001101010
In base 11, what is -196 - -1012?
927
In base 13, what is 32 - a1c?
-9ba
In base 15, what is 2 + 537?
539
In base 15, what is 1 - -2745?
2746
In base 10, what is -100932 - -4?
-100928
In base 9, what is -1821 + -3?
-1824
In base 10, what is -7775 - -45?
-7730
In base 4, what is 10321323 + 0?
10321323
In base 10, what is 981953 - 5?
981948
In base 8, what is 765 - 113?
652
In base 10, what is 18949 + -5?
18944
In base 6, what is -345444 - -5?
-345435
In base 3, what is -120211 - -2100?
-111111
In base 7, what is -2522526 - 0?
-2522526
In base 11, what is -1 - 29567?
-29568
In base 8, what is -31 + 112373?
112342
In base 9, what is 1 + 11112?
11113
In base 12, what is -45 + -368?
-3b1
In base 13, what is -3 + -92c2?
-92c5
In base 13, what is -232739 - 5?
-232741
In base 14, what is 6 + 88a7?
88ad
In base 9, what is 2451 - -336?
2787
In base 2, what is 1100111101011001001 + -1?
1100111101011001000
In base 13, what is 2c608 - 9?
2c5cc
In base 6, what is 101 + 13510?
14011
In base 13, what is -268 - -3c?
-229
In base 15, what is -1b - -1164?
1148
In base 15, what is -42d2 - -1d?
-42b4
In base 12, what is 14978 - 7?
14971
In base 5, what is 10221 - 140?
10031
In base 11, what is -9419 + 4?
-9415
In base 3, what is -202 - 110220111?
-110221020
In base 5, what is 110 - 10031?
-4421
In base 5, what is -1 + -2024122?
-2024123
In base 13, what is aaca1 + 0?
aaca1
In base 7, what is -240 - 351?
-621
In base 7, what is -64 - -40126?
40032
In base 15, what is 16 - -841d?
8434
In base 9, what is 0 + 72758?
72758
In base 8, what is 75351 + 5?
75356
In base 5, what is -12011 - -301?
-11210
In base 2, what is 1010010 + 1101110?
11000000
In base 15, what is 5 + -131?
-12b
In base 4, what is 12121 - 122302?
-110121
In base 16, what is 5850d - 4?
58509
In base 16, what is -6c87 - -23?
-6c64
In base 2, what is -11010 + 1000100110?
1000001100
In base 12, what is -3595 + 23?
-3572
In base 13, what is -3b - -127?
b9
In base 9, what is -2317 + -304?
-2622
In base 10, what is 0 + 842938?
842938
In base 2, what is -100100000110011 + 1?
-100100000110010
In base 4, what is 222001302 + -122?
222001120
In base 2, what is 110110 + 11011110011010?
11011111010000
In base 2, what is 101 + 101111111001111?
101111111010100
In base 15, what is -d2c + 16?
-d16
In base 3, what is -2100021 + -112?
-2100210
In base 3, what is 20 + -100222121122?
-100222121102
In base 11, what is 106a2 + 1?
106a3
In base 10, what is 2 + -184380?
-184378
In base 16, what is -6d5 + -2?
-6d7
In base 9, what is 336 - 3212?
-2765
In base 12, what is 1944a + 2?
19450
In base 4, what is -33322323 - 1?
-33322330
In base 15, what is -44a - -e56?
a0b
In base 11, what is -14398 + -5?
-143a2
In base 4, what is -2203202200 + 3?
-2203202131
In base 4, what is 21 - -1001013112?
1001013133
In base 5, what is -203 - 2103?
-2311
In base 8, what is 0 + 322504?
322504
In base 5, what is -42241 - 3121?
-100412
In base 5, what is -1010 + -3314?
-4324
In base 11, what is 189463 + -1?
189462
In base 8, what is 54 - 341?
-265
In base 16, what is 1dca - -9?
1dd3
In base 2, what is -1101101111010100 - -11?
-1101101111010001
In base 5, what is -12210444 - -4?
-12210440
In base 5, what is 2 - -10203013?
10203020
In base 6, what is 13 - -23343533?
23343550
In base 4, what is 1111112202 + 2?
1111112210
In base 8, what is 31 - 2277?
-2246
In base 3, what is -111100011221 - -10?
-111100011211
In base 10, what is -1111 + 26?
-1085
In base 11, what is 18121 - 0?
18121
In base 12, what is -6086 - 0?
-6086
In base 6, what is -124015 + 1?
-124014
In base 10, what is -2 + 5509?
5507
In base 6, what is -254413131 + -3?
-254413134
In base 9, what is 1 - -101062?
101063
In base 14, what is -4 - 178?
-17c
In base 8, what is -27012 + 221?
-26571
In base 15, what is -8024c9 - -4?
-8024c5
In base 12, what is 8781 - -2?
8783
In base 14, what is -1250 + -115?
-1365
In base 3, what is 20 + -221110110?
-221110020
In base 12, what is -1526 - 51?
-1577
In base 16, what is 14f5 - 12f?
13c6
In base 12, what is -1b1 - 6ba?
-8ab
In base 14, what is 13 - 68937?
-68924
In base 5, what is -2020 - -342?
-1123
In base 8, what is -623642 - 2?
-623644
In base 15, what is 52 + 429b?
42ed
In base 13, what is -2a36 - -6?
-2a30
In base 2, what is 101000101 - -100101?
101101010
In base 11, what is 3 + -359846?
-359843
In base 3, what is -11112011100201 + 12?
-11112011100112
In base 10, what is -3 + 46530?
46527
In base 13, what is 6690a - 0?
6690a
In base 15, what is 8765b + -a?
87651
In base 12, what is 686 + 20?
6a6
In base 13, what is -1a - 1b81?
-1b9b
In base 14, what is 39 + 52b?
566
In base 2, what is 101111101111 + -1001?
101111100110
In base 4, what is 12 - -103123000?
103123012
In base 12, what is -58 + -406?
-462
In base 4, what is -23011010 - -11?
-23010333
In base 16, what is 19 + 100c5?
100de
In base 7, what is 365 + 216?
614
In base 16, what is -4 + 140b67?
140b63
In base 7, what is -5 - 3544030?
-3544035
In base 10, what is -9461 - 10?
-9471
In base 5, what is -431 + -2133?
-3114
In base 15, what is 1bc5ea - 2?
1bc5e8
In base 7, what is -60645 - 32?
-61010
In base 10, what is 1205 + 4060?
5265
In base 16, what is -5 - -90f?
90a
In base 4, what is -101 + 111003?
110302
In base 13, what is -637 + 62?
-5a5
In base 7, what is 3 + 11123240?
11123243
In base 13, what is 1 + -178316?
-178315
In base 16, what is 11a3 + -3e?
1165
In base 6, what is 222 - -1315?
1541
In base 4, what is 11 - 3021221?
-3021210
In base 4, what is 101301 - 2?
101233
In base 7, what is 645 + -13211?
-12233
In base 15, what is 4ca1 + -8?
4c98
In base 12, what is -87 - 7?
-92
In base 6, what is 0 + 3022?
3022
In base 14, what is 2b00 - 5?
2ad9
In base 13, what is 38 + -ab?
-73
In base 16, what is -81 + -a5aa?
-a62b
In base 10, what is -37450 + 0?
-37450
In base 10, what is -4 - 70926?
-70930
In base 2, what is -10 - 100001001?
-100001011
In base 14, what is 171 + 7a8?
939
In base 8, what is -1 + 25005?
25004
In base 11, what is -16151 - 2?
-16153
In base 16, what is 2f - -20cd?
20fc
In base 3, what is 1110101022 - -11?
1110101110
In base 6, what is -3 - 43433?
-43440
In base 15, what is 7028 + 5?
702d
In base 13, what is 9 - -29ba3?
29bac
In base 13, what is -a5 + 12b?
56
In base 8, what is 2 + 155537?
155541
In base 2, what is 1 + 1110111010111100?
1110111010111101
In base 11, what is 14 - 81a?
-806
In base 16, what is fb80f + -5?
fb80a
In ba